rime factors of 5536.
2, 173
List the prime factors of 1626.
2, 3, 271
List the prime factors of 9820.
2, 5, 491
What are the prime factors of 120006?
2, 3, 59, 113
List the prime factors of 230.
2, 5, 23
What are the prime factors of 66369?
3, 22123
What are the prime factors of 25766?
2, 13, 991
List the prime factors of 19255.
5, 3851
What are the prime factors of 16873?
47, 359
List the prime factors of 44155.
5, 8831
What are the prime factors of 320?
2, 5
List the prime factors of 61283.
61283
What are the prime factors of 27?
3
List the prime factors of 34984.
2, 4373
List the prime factors of 175.
5, 7
List the prime factors of 1307.
1307
What are the prime factors of 679?
7, 97
List the prime factors of 34545.
3, 5, 7, 47
What are the prime factors of 2159?
17, 127
List the prime factors of 2429.
7, 347
List the prime factors of 495.
3, 5, 11
List the prime factors of 83323.
97, 859
List the prime factors of 56380.
2, 5, 2819
What are the prime factors of 159?
3, 53
List the prime factors of 37507.
37507
What are the prime factors of 74730?
2, 3, 5, 47, 53
What are the prime factors of 26254?
2, 13127
What are the prime factors of 63623?
7, 61, 149
List the prime factors of 26962.
2, 13, 17, 61
What are the prime factors of 37795?
5, 7559
List the prime factors of 2174.
2, 1087
What are the prime factors of 7239?
3, 19, 127
List the prime factors of 17428.
2, 4357
List the prime factors of 44011.
11, 4001
What are the prime factors of 9483?
3, 29, 109
List the prime factors of 10747.
11, 977
What are the prime factors of 443?
443
List the prime factors of 50273.
50273
What are the prime factors of 7855?
5, 1571
List the prime factors of 3758.
2, 1879
List the prime factors of 87616.
2, 37
List the prime factors of 8347.
17, 491
List the prime factors of 761.
761
List the prime factors of 3877.
3877
List the prime factors of 16065.
3, 5, 7, 17
List the prime factors of 59478.
2, 3, 23, 431
List the prime factors of 21.
3, 7
List the prime factors of 53230.
2, 5, 5323
List the prime factors of 31357.
31357
List the prime factors of 2734.
2, 1367
List the prime factors of 8373.
3, 2791
List the prime factors of 4831.
4831
What are the prime factors of 3543?
3, 1181
What are the prime factors of 1301?
1301
List the prime factors of 6865.
5, 1373
List the prime factors of 768.
2, 3
What are the prime factors of 33249?
3, 11083
List the prime factors of 2201.
31, 71
What are the prime factors of 717?
3, 239
List the prime factors of 66959.
66959
List the prime factors of 528.
2, 3, 11
What are the prime factors of 26026?
2, 7, 11, 13
What are the prime factors of 8892?
2, 3, 13, 19
What are the prime factors of 77692?
2, 19423
What are the prime factors of 19471?
19471
What are the prime factors of 41271?
3, 13757
List the prime factors of 1813.
7, 37
List the prime factors of 2594.
2, 1297
List the prime factors of 1860.
2, 3, 5, 31
List the prime factors of 1518.
2, 3, 11, 23
List the prime factors of 3970.
2, 5, 397
List the prime factors of 3430.
2, 5, 7
List the prime factors of 50429.
211, 239
What are the prime factors of 12?
2, 3
List the prime factors of 10030.
2, 5, 17, 59
What are the prime factors of 113077?
73, 1549
List the prime factors of 91703.
91703
What are the prime factors of 23810?
2, 5, 2381
What are the prime factors of 36991?
71, 521
List the prime factors of 27067.
27067
What are the prime factors of 3309?
3, 1103
List the prime factors of 32857.
11, 29, 103
List the prime factors of 11036.
2, 31, 89
What are the prime factors of 1631?
7, 233
List the prime factors of 4280.
2, 5, 107
What are the prime factors of 264?
2, 3, 11
What are the prime factors of 58133?
61, 953
List the prime factors of 10915.
5, 37, 59
What are the prime factors of 6877?
13, 23
List the prime factors of 133520.
2, 5, 1669
List the prime factors of 11067.
3, 7, 17, 31
List the prime factors of 1937.
13, 149
List the prime factors of 1444.
2, 19
List the prime factors of 172.
2, 43
What are the prime factors of 3271?
3271
What are the prime factors of 1875?
3, 5
What are the prime factors of 39926?
2, 19963
List the prime factors of 6928.
2, 433
What are the prime factors of 1825?
5, 73
What are the prime factors of 6926?
2, 3463
What are the prime factors of 2571?
3, 857
List the prime factors of 7292.
2, 1823
List the prime factors of 28546.
2, 7, 2039
List the prime factors of 575.
5, 23
What are the prime factors of 2657?
2657
List the prime factors of 2904.
2, 3, 11
What are the prime factors of 111561?
3, 41, 907
List the prime factors of 11406.
2, 3, 1901
List the prime factors of 2436.
2, 3, 7, 29
List the prime factors of 1648.
2, 103
List the prime factors of 39460.
2, 5, 1973
What are the prime factors of 34410?
2, 3, 5, 31, 37
List the prime factors of 2573.
31, 83
List the prime factors of 17513.
83, 211
What are the prime factors of 42546?
2, 3, 7, 1013
What are the prime factors of 2111?
2111
List the prime factors of 29847.
3, 9949
List the prime factors of 53850.
2, 3, 5, 359
What are the prime factors of 47120?
2, 5, 19, 31
What are the prime factors of 1232?
2, 7, 11
What are the prime factors of 1333?
31, 43
What are the prime factors of 359?
359
What are the prime factors of 8406?
2, 3, 467
List the prime factors of 64153.
64153
What are the prime factors of 39132?
2, 3, 1087
What are the prime factors of 2887?
2887
List the prime factors of 716.
2, 179
What are the prime factors of 1799?
7, 257
List the prime factors of 24354.
2, 3, 11, 41
What are the prime factors of 20072?
2, 13, 193
List the prime factors of 7381.
11, 61
What are the prime factors of 351?
3, 13
List the prime factors of 1263.
3, 421
List the prime factors of 3573.
3, 397
What are the prime factors of 7710?
2, 3, 5, 257
What are the prime factors of 10571?
11, 31
List the prime factors of 13990.
2, 5, 1399
What are the prime factors of 1882?
2, 941
List the prime factors of 6417.
3, 23, 31
What are the prime factors of 444?
2, 3, 37
What are the prime factors of 16713?
3, 619
List the prime factors of 18324.
2, 3, 509
List the prime factors of 10508.
2, 37, 71
List the prime factors of 6799.
13, 523
List the prime factors of 256.
2
What are the prime factors of 11774?
2, 7, 29
What are the prime factors of 1738?
2, 11, 79
What are the prime factors of 1452?
2, 3, 11
List the prime factors of 16254.
2, 3, 7, 43
What are the prime factors of 15718?
2, 29, 271
What are the prime factors of 1216?
2, 19
What are the prime factors of 881?
881
List the prime factors of 1728.
2, 3
List the prime factors of 3477.
3, 19, 61
What are the prime factors of 13205?
5, 19, 139
What are the prime factors of 1376?
2, 43
List the prime factors of 50890.
2, 5, 7, 727
What are the prime factors of 397?
397
List the prime factors of 55152.
2, 3, 383
List the prime factors of 22651.
22651
What are the prime factors of 1547?
7, 13, 17
What are the prime factors of 58978?
2, 37, 797
List the prime factors of 2068.
2, 11, 47
List the prime factors of 19713.
3, 6571
List the prime factors of 2708.
2, 677
What are the prime factors of 14470?
2, 5, 1447
List the prime factors of 1372.
2, 7
What are the prime factors of 1655?
5, 331
List the prime factors of 21459.
3, 23, 311
List the prime factors of 3028.
2, 757
List the prime factors of 2069.
2069
List the prime factors of 142642.
2, 73, 977
List the prime factors of 6702.
2, 3, 1117
What are the prime factors of 165?
3, 5, 11
What are the prime factors of 5838?
2, 3, 7, 139
What are the prime factors of 94637?
101, 937
List the prime factors of 67091.
23, 2917
What are the prime factors of 1713?
3, 571
What are the prime factors of 19483?
19483
What are the prime factors of 704?
2, 11
What are the prime factors of 31113?
3, 3457
What are the prime factors of 2690?
2, 5, 269
What are the prime factors of 2372?
2, 593
List the prime factors of 39193.
7, 11, 509
List the prime factors of 1024.
2
What are the prime factors of 182?
2, 7, 13
What are the prime factors of 51030?
2, 3, 5, 7
List the prime factors of 23336.
2, 2917
List the prime factors of 745.
5, 149
List the prime factors of 5987.
5987
List the prime factors of 31086.
2, 3, 11, 157
List the prime factors of 1204.
2, 7, 43
List the prime factors of 8046.
2, 3